 4*p + 62. Calculate the remainder when 90 is divided by p.
28
Suppose 0*k = -5*k + 150. Suppose 0 = 7*l - 6*l - 16. What is the remainder when k is divided by l?
14
Suppose -a + 32 = 4*o - 0*a, 0 = -o - 2*a + 8. Let l(k) = 5*k**2 + 3*k + 1. What is the remainder when l(-2) is divided by o?
7
Let l(j) = -5*j**3 - 3*j**2. What is the remainder when l(-2) is divided by ((-2)/(-3))/((-1)/(-15))?
8
Let c(l) = -l**2 - 12*l + 8. What is the remainder when c(-8) is divided by 14?
12
Let g(u) = -u**2 - 12*u - 18. Calculate the remainder when 26 is divided by g(-8).
12
Suppose y - 290 = -4*y. Suppose 2*t + 4 = 4*n - 0*n, 3*t = n + 9. Suppose -6 = -t*j + y. Calculate the remainder when j is divided by 9.
7
Suppose 0*s = -3*s + 30. Suppose -4*g - s + 42 = 0. Suppose g = -j + 2*j. What is the remainder when 23 is divided by j?
7
Let r(v) = -2*v + 9. What is the remainder when r(4) is divided by 1?
0
Suppose v + 20 + 17 = 0. Let m = 53 + v. What is the remainder when m is divided by 6?
4
Let r(s) = -s - 18. What is the remainder when 53 is divided by r(-32)?
11
Suppose 5*x - x - 1 = -o, -4*o + 3*x + 61 = 0. Calculate the remainder when 50 is divided by o.
11
Let n(j) = 9*j**2 + 6. What is the remainder when 166 is divided by n(-2)?
40
Let y = 79 - 56. What is the remainder when y is divided by 12?
11
Let q = 5 - 3. Let y(i) = -i + 2. Let v(b) = b**2 + b - 1. Let m(x) = q*v(x) + 3*y(x). What is the remainder when m(-4) is divided by 14?
12
Suppose 42 = 2*i + i. Calculate the remainder when i is divided by 9.
5
Let q be 9/((-1)/(-2)*2). Let i be 2/3*45/6. Let l = q - i. Calculate the remainder when l is divided by 2.
0
Let k(h) be the second derivative of 4*h**3/3 + 2*h**2 - 3*h. Calculate the remainder when k(6) is divided by 27.
25
Suppose 0 = -5*k - 163 + 618. What is the remainder when k is divided by 31?
29
Suppose 0 = f + 5*h + 7, 4*h + 17 + 25 = 2*f. Suppose 26 = 5*l - 4. What is the remainder when l is divided by 6/39 + 50/f?
2
Let f = -11 + 3. Let h = 2 + f. Calculate the remainder when 105/h*(1 + -3) is divided by 12.
11
Suppose -6 = -m - m. Suppose m*d - d - 10 = 0. Suppose -5*o + 41 = 4*k, -d*o + 3*o - k + 17 = 0. What is the remainder when 25 is divided by o?
7
Let g = 20 - 10. Suppose 0 = -2*l - g + 32. Calculate the remainder when 31 is divided by l.
9
Let a(w) = -4*w - 4. Let k(s) = s**3 + 2*s - 3. Let d be k(-3). Let l = 59 + d. What is the remainder when l is divided by a(-3)?
7
Let d = -9 - -11. Suppose -4*t + 4*c + 28 = 0, -d*t + c = -0*c - 9. What is the remainder when 7 is divided by t?
1
Suppose 22 + 14 = 3*f. Let j = f + 8. Calculate the remainder when j is divided by 0 - 1/(2/(-22)).
9
Suppose 0*h = -5*h + 85. Let j be (-708)/15 + (-1)/(-5). Let c = j + 96. What is the remainder when c is divided by h?
15
Suppose 4*t = -i + 54, 5*t = 4*i + 88 - 325. Calculate the remainder when i is divided by 20.
18
Let z = -3 - 5. Let c = z - -17. What is the remainder when 24 is divided by c?
6
Let z(s) = -s**2 - 4*s - 4. Let h be z(-4). Let u = -2 - h. Suppose 0 = -q - 4*f, 2*q - 51 = -u*q + f. Calculate the remainder when q is divided by 7.
5
Let h(j) = j**2 + j. Let p be h(0). Suppose p = -r - r + 52. Let g = 26 + -17. What is the remainder when r is divided by g?
8
Let m(k) = k**3 + 8*k**2 - 10*k - 16. What is the remainder when m(-8) is divided by 5?
4
Let n = -36 + 81. Suppose 2*d + 22 = -2*h + 4*h, h - 2 = -2*d. Suppose 4*u - h*u = -48. Calculate the remainder when n is divided by u.
9
What is the remainder when 15 is divided by (-204)/(-26) - 16/(-104)?
7
Let y(b) = 7*b - 18. Calculate the remainder when 123 is divided by y(7).
30
Let h(y) = -y**3 - y**2 + 3*y - 3. Let u be h(3). Let t = u - -57. Let z = 45 - 30. What is the remainder when t is divided by z?
12
Let b = 19 - 8. What is the remainder when 86 is divided by b?
9
Suppose -5*v = j + 70, -4 - 1 = j. Let h be (v - -2)/(1/(-2)). Let o = h - 15. What is the remainder when 20 is divided by o?
6
Let z(f) = 6*f**2 + 4*f - 10. Calculate the remainder when 86 is divided by z(2).
20
Let z(f) = f**2 - 8*f + 4. Let d be z(6). Let m(v) = -v**2 - 11*v + 1. Let g = 13 + -6. What is the remainder when m(d) is divided by g?
4
Suppose 5*w + 1 = -2*s, 0 = 5*s - 0*s + 4*w - 40. Calculate the remainder when 46 is divided by s.
10
Let a(u) = 30*u - 5. Calculate the remainder when a(3) is divided by 22.
19
Let k = -53 + 142. Calculate the remainder when k is divided by 18.
17
Suppose 5*x = -20, 0 = -2*t - 0*x + x + 138. What is the remainder when t is divided by 17?
16
Let v(i) = 2*i**2 + 4*i. Calculate the remainder when ((-10)/(-3))/(3/9) is divided by v(-3).
4
Suppose 5*d - 68 = 5*o + 17, -2*d + 19 = 3*o. Calculate the remainder when 55 is divided by d.
13
Let q = 31 + -7. Calculate the remainder when q is divided by 13.
11
Suppose -3*w + 8*w = 85. Let l(f) = -f**3 - 3*f**2 + 4*f. Let h be l(-4). Suppose h = -0*z - z + 32. Calculate the remainder when z is divided by w.
15
Suppose -i = 4*i - 30. Let p = 12 + -8. What is the remainder when i is divided by p?
2
Let d(n) be the second derivative of -3*n**2 + 0 - 1/2*n**3 + 2*n - 1/4*n**4 - 1/20*n**5. What is the remainder when d(-4) is divided by 12?
10
Suppose -4*g + 140 - 350 = -2*k, 5*k - 595 = -4*g. Suppose 6*l = 258 - 84. Calculate the remainder when k is divided by l.
28
Suppose 0*y - 27 = 3*y. Let t = y - -62. What is the remainder when t is divided by 18?
17
Suppose -z = -6*z + 195. Let k(u) = 6*u**2 + 7*u + 4. What is the remainder when z is divided by k(-2)?
11
Let f(a) = a + 7. Suppose 5*c + 3*l - 116 = 0, -4*l - 80 = -2*c - 2*c. Calculate the remainder when c is divided by f(5).
10
Let w(b) = 8 + 6 + 3*b - b**2 - 10. Calculate the remainder when w(3) is divided by 2.
0
Suppose 7 - 22 = 5*p. Calculate the remainder when 6 is divided by 64/24 + 2/p.
0
Let i(o) = o**3 - 7*o**2 - 3*o - 5. Let v be (-1)/3 + 86/6. Suppose h - v + 2 = 0. Calculate the remainder when i(8) is divided by h.
11
Let l(p) = -5*p + 2. Let a be (-6)/(-9) + 2/6. Let w = -2 - a. Calculate the remainder when 32 is divided by l(w).
15
Suppose -b + 2*p + 72 = 3*p, -p = -5*b + 354. What is the remainder when b is divided by 18?
17
What is the remainder when (9/(-18))/(1/(-118)) is divided by 15?
14
Suppose 0 = z - 0 - 24. What is the remainder when 45 is divided by z?
21
Suppose 8*q = -3*t + 4*q + 2, 3*t - 7 = q. Calculate the remainder when 2 is divided by t.
0
Let j(v) be the second derivative of -4*v**4/3 + v**3/6 + v. Let n be j(-1). What is the remainder when 46 is divided by -2*(-1)/(-2) - n?
14
Let i(c) = -7*c - 16. What is the remainder when i(-8) is divided by 18?
4
Let c be (2 + -5)/((-9)/30). Suppose -h + c + 39 = 0. Calculate the remainder when h is divided by 17.
15
Let b(o) = -8*o - 2. Let d be b(1). Let s(g) = -g**3 - 9*g**2 + 6*g - 14. Calculate the remainder when s(d) is divided by 2*(22/4 - 1).
8
Suppose 4*a + 14 = 2*f - 7*f, -4*f = -a + 7. Let p = a + 5. What is the remainder when 15 is divided by p?
3
Suppose 5*v = -22 + 82. Let c(y) = y**2 - 5*y + 2. Let o be c(5). Suppose 3*g - b - 98 = 0, g = -o*g + 2*b + 94. What is the remainder when g is divided by v?
10
Suppose -2*l + 42 = -y, 3 = -3*y - 3. Calculate the remainder when l is divided by 15.
5
Calculate the remainder when 4 + (38 - 4) + 2 is divided by 21.
19
Let r(v) = -5*v - 1. Let a(w) = 11*w - 1. Suppose 4*s + 0*s = -4*k + 12, -10 = -5*k. What is the remainder when r(-4) is divided by a(s)?
9
Let d = 118 + -110. Calculate the remainder when d is divided by 8.
0
Let f be (2/(-1))/(12/18). Let d be 5 + 0/(-1)*-1. What is the remainder when 14 is divided by ((-3)/(f/d))/1?
4
Suppose 0 = -7*b + 4*b - 4*h + 64, -4*h - 64 = -5*b. What is the remainder when b is divided by 6?
4
Let x(q) = 3*q - 16. What is the remainder when x(11) is divided by 5?
2
Suppose 2*g = -3*s + 3*g + 63, -s + 10 = -4*g. Let y = -6 + s. What is the remainder when (-23 - 0)/(2/(-4)) is divided by y?
14
Let c be (-10)/4*(-4)/5. Let m be ((-2)/3)/(c/(-129)). Let y = m + -27. Calculate the remainder when 46 is divided by y.
14
Let n = -8 + 5. Let v = n - -14. Let h = 122 + -81. What is the remainder when h is divided by v?
8
Let a(m) = 77*m - 6. What is the remainder when a(1) is divided by 24?
23
Let l(i) be the first derivative 